{"id":247,"date":"2024-01-19T08:12:05","date_gmt":"2024-01-19T08:12:05","guid":{"rendered":"https:\/\/crophil.ifzg.hr\/?page_id=247"},"modified":"2025-03-17T14:45:21","modified_gmt":"2025-03-17T14:45:21","slug":"suradnici","status":"publish","type":"page","link":"https:\/\/crophil.ifzg.hr\/index.php\/suradnici\/","title":{"rendered":"Suradnici"},"content":{"rendered":"\n<div class=\"wp-block-columns is-layout-flex wp-container-core-columns-is-layout-28f84493 wp-block-columns-is-layout-flex\">\n<div class=\"wp-block-column is-layout-flow wp-block-column-is-layout-flow\"><h2 class=\"wp-block-post-title\">Suradnici<\/h2><\/div>\n\n\n\n<div class=\"wp-block-column is-layout-flow wp-block-column-is-layout-flow\">\n<div class=\"wp-block-buttons is-content-justification-right is-layout-flex wp-container-core-buttons-is-layout-d445cf74 wp-block-buttons-is-layout-flex\">\n<div class=\"wp-block-button\"><a class=\"wp-block-button__link wp-element-button\" href=\"https:\/\/crophil.ifzg.hr\/index.php\/collaborators\/\">Collaborators<\/a><\/div>\n<\/div>\n<\/div>\n<\/div>\n\n\n\n<p><a href=\"https:\/\/www.ifzg.hr\/ustroj\/svi_zaposlenici_instituta_za_filozofiju\/skuhala_karasman-bibliografija\/\" data-type=\"link\" data-id=\"https:\/\/www.ifzg.hr\/djelatnici\/skuhala_karasman-bibliografija\/\" target=\"_blank\" rel=\"noreferrer noopener\">dr. sc. Ivana Skuhala Karasman<\/a> (voditeljica projekta)<br>Institut za filozofiju, Zagreb<br><br><a href=\"https:\/\/www.croris.hr\/osobe\/profil\/15907\" target=\"_blank\" rel=\"noreferrer noopener\">dr. sc. Luka Bor\u0161i\u0107<\/a><br>Institut za filozofiju, Zagreb<br><br><a href=\"https:\/\/www.kbf.unizg.hr\/profesor\/izv-prof-dr-sc-alojz-cubelic\/\" target=\"_blank\" rel=\"noreferrer noopener\">izv. prof. dr. sc. Alojz \u0106ubeli\u0107<\/a><br>Katoli\u010dki bogoslovni fakultet, Sveu\u010dili\u0161te u Zagrebu<br><br><a href=\"https:\/\/www.ifzg.hr\/ustroj\/svi_zaposlenici_instituta_za_filozofiju\/ana_grgic-zivotopis\/\" target=\"_blank\" rel=\"noreferrer noopener\">dr. sc. Ana Grgi\u0107<\/a><br>Institut za filozofiju, Zagreb<br><br><a href=\"https:\/\/www.ifzg.hr\/ustroj\/svi_zaposlenici_instituta_za_filozofiju\/koznjak-bibliografija\/\" data-type=\"link\" data-id=\"https:\/\/www.ifzg.hr\/djelatnici\/koznjak-bibliografija\/\" target=\"_blank\" rel=\"noreferrer noopener\">dr. sc. Boris Ko\u017enjak<\/a><br>Institut za filozofiju, Zagreb<br><br><a href=\"https:\/\/www.croris.hr\/osobe\/profil\/32124\" target=\"_blank\" rel=\"noreferrer noopener\">doc. dr. sc. Ivan Macut<br><\/a><br><a href=\"https:\/\/www.matica.hr\/knjige\/autor\/631\/\" data-type=\"link\" data-id=\"https:\/\/www.matica.hr\/knjige\/autor\/631\/\" target=\"_blank\" rel=\"noreferrer noopener\">dr. sc. Bojan Marotti<\/a><\/p>\n\n\n\n<p><a href=\"https:\/\/www.croris.hr\/osobe\/profil\/34314\" target=\"_blank\" rel=\"noreferrer noopener\">dr. sc. Bruno Matos<\/a><br>Fakultet filozofije i religijskih znanosti, Sveu\u010dili\u0161te u Zagrebu<\/p>\n\n\n\n<p><a href=\"https:\/\/www.ifzg.hr\/ustroj\/svi_zaposlenici_instituta_za_filozofiju\/skarica-bibliografija\/\" target=\"_blank\" rel=\"noreferrer noopener\">dr. sc. Dario \u0160karica<\/a><br>Institut za filozofiju, Zagreb<\/p>\n\n\n\n<p><a href=\"https:\/\/www.ifzg.hr\/ustroj\/svi_zaposlenici_instituta_za_filozofiju\/segedin-bibliografija\/\" target=\"_blank\" rel=\"noreferrer noopener\">dr. sc. Petar \u0160egedin<\/a><br>Institut za filozofiju, Zagreb<br><br><a href=\"https:\/\/www.ufzg.unizg.hr\/zaposlenici\/tomic-drazenko\/\" target=\"_blank\" rel=\"noreferrer noopener\">dr. sc. Dra\u017eenko Tomi\u0107<\/a><br>U\u010diteljski fakultet, Sveu\u010dili\u0161te u Zagrebu<\/p>\n","protected":false},"excerpt":{"rendered":"<p>dr. sc. Ivana Skuhala Karasman (voditeljica projekta)Institut za filozofiju, Zagreb dr. sc. Luka Bor\u0161i\u0107Institut za filozofiju, Zagreb izv. prof. dr. sc. Alojz \u0106ubeli\u0107Katoli\u010dki bogoslovni fakultet, Sveu\u010dili\u0161te u Zagrebu dr. sc. Ana Grgi\u0107Institut za filozofiju, Zagreb dr. sc. Boris Ko\u017enjakInstitut za filozofiju, Zagreb doc. dr. sc. Ivan Macutdr. sc. Bojan Marotti dr. sc. Bruno MatosFakultet filozofije [&hellip;]<\/p>\n","protected":false},"author":2,"featured_media":0,"parent":0,"menu_order":0,"comment_status":"closed","ping_status":"closed","template":"","meta":{"footnotes":""},"class_list":["post-247","page","type-page","status-publish","hentry"],"_links":{"self":[{"href":"https:\/\/crophil.ifzg.hr\/index.php\/wp-json\/wp\/v2\/pages\/247","targetHints":{"allow":["GET"]}}],"collection":[{"href":"https:\/\/crophil.ifzg.hr\/index.php\/wp-json\/wp\/v2\/pages"}],"about":[{"href":"https:\/\/crophil.ifzg.hr\/index.php\/wp-json\/wp\/v2\/types\/page"}],"author":[{"embeddable":true,"href":"https:\/\/crophil.ifzg.hr\/index.php\/wp-json\/wp\/v2\/users\/2"}],"replies":[{"embeddable":true,"href":"https:\/\/crophil.ifzg.hr\/index.php\/wp-json\/wp\/v2\/comments?post=247"}],"version-history":[{"count":13,"href":"https:\/\/crophil.ifzg.hr\/index.php\/wp-json\/wp\/v2\/pages\/247\/revisions"}],"predecessor-version":[{"id":561,"href":"https:\/\/crophil.ifzg.hr\/index.php\/wp-json\/wp\/v2\/pages\/247\/revisions\/561"}],"wp:attachment":[{"href":"https:\/\/crophil.ifzg.hr\/index.php\/wp-json\/wp\/v2\/media?parent=247"}],"curies":[{"name":"wp","href":"https:\/\/api.w.org\/{rel}","templated":true}]}}